{"id":437,"date":"2021-07-07T16:02:08","date_gmt":"2021-07-07T14:02:08","guid":{"rendered":"http:\/\/www.fenster-eu.at\/fenster-eu\/?page_id=437"},"modified":"2021-07-07T16:19:12","modified_gmt":"2021-07-07T14:19:12","slug":"holzalu-fenster","status":"publish","type":"page","link":"http:\/\/www.fenster-eu.at\/fenster-eu\/holzalu-fenster\/","title":{"rendered":"Holz-Alu Fenster"},"content":{"rendered":"<div id=\"pl-437\"  class=\"panel-layout\" ><div id=\"pg-437-0\"  class=\"panel-grid panel-no-style\" ><div id=\"pgc-437-0-0\"  class=\"panel-grid-cell\" ><div id=\"panel-437-0-0-0\" class=\"so-panel widget widget_media_image panel-first-child panel-last-child\" data-index=\"0\" ><img width=\"720\" height=\"720\" src=\"http:\/\/www.fenster-eu.at\/fenster-eu\/wp-content\/uploads\/2021\/07\/XENOS-2-1024x1024.jpg\" class=\"image wp-image-442  attachment-large size-large\" alt=\"\" loading=\"lazy\" style=\"max-width: 100%; height: auto;\" srcset=\"http:\/\/www.fenster-eu.at\/fenster-eu\/wp-content\/uploads\/2021\/07\/XENOS-2-1024x1024.jpg 1024w, http:\/\/www.fenster-eu.at\/fenster-eu\/wp-content\/uploads\/2021\/07\/XENOS-2-300x300.jpg 300w, http:\/\/www.fenster-eu.at\/fenster-eu\/wp-content\/uploads\/2021\/07\/XENOS-2-150x150.jpg 150w, http:\/\/www.fenster-eu.at\/fenster-eu\/wp-content\/uploads\/2021\/07\/XENOS-2-768x768.jpg 768w, http:\/\/www.fenster-eu.at\/fenster-eu\/wp-content\/uploads\/2021\/07\/XENOS-2-1536x1536.jpg 1536w, http:\/\/www.fenster-eu.at\/fenster-eu\/wp-content\/uploads\/2021\/07\/XENOS-2-2048x2048.jpg 2048w\" sizes=\"(max-width: 720px) 100vw, 720px\" \/><\/div><\/div><\/div><div id=\"pg-437-1\"  class=\"panel-grid panel-no-style\" ><div id=\"pgc-437-1-0\"  class=\"panel-grid-cell\" ><div id=\"panel-437-1-0-0\" class=\"so-panel widget widget_text panel-first-child panel-last-child\" data-index=\"1\" ><h3 class=\"widget-title\">Das edle Designfenster<\/h3>\t\t\t<div class=\"textwidget\"><p>XENOS \u2013 dieses Fenster bringt das behagliche Wohnklima und besondere Wohngefu\u0308hl von Holz\/Alu-Fenstern in Einklang mit moderner Architektur. Schlanke Profile sorgen fu\u0308r mehr Lichteinfall und somit hellere R\u00e4ume. Durch die fl\u00e4chenbu\u0308ndige und hochwetterfeste Aluschale fu\u0308gt sich das Fenster als harmonisches Gestaltungsmittel nahtlos in die Fassade Ihres Hauses ein und schu\u0308tzt das Holz optimal vor den \u00e4u\u00dferen Witterungseinflu\u0308ssen. Mit dem edlen Designfenster XENOS entscheiden Sie sich fu\u0308r den kompromisslosen Weg von h\u00f6chster Qualit\u00e4t, allen Vorteilen von modernen Holz\/Alu-Fenstern und modernstem Design.<\/p>\n<\/div>\n\t\t<\/div><\/div><\/div><div id=\"pg-437-2\"  class=\"panel-grid panel-no-style\" ><div id=\"pgc-437-2-0\"  class=\"panel-grid-cell\" ><div id=\"panel-437-2-0-0\" class=\"so-panel widget widget_text panel-first-child panel-last-child\" data-index=\"2\" >\t\t\t<div class=\"textwidget\"><p data-wp-editing=\"1\"><img loading=\"lazy\" class=\"wp-image-98 size-full\" src=\"http:\/\/www.fenster-eu.at\/fenster-eu\/wp-content\/uploads\/2021\/05\/q.png\" alt=\"\" width=\"10\" height=\"10\" \/> \u00a0 qualitativ hochwertige Nassverglasung mit Silikon<\/p>\n<p data-wp-editing=\"1\"><img loading=\"lazy\" class=\"wp-image-98 size-full\" src=\"http:\/\/www.fenster-eu.at\/fenster-eu\/wp-content\/uploads\/2021\/05\/q.png\" alt=\"\" width=\"10\" height=\"10\" \/> \u00a0 tieferer Glaseinstand reduziert Tauwasserbildung<\/p>\n<p data-wp-editing=\"1\"><img loading=\"lazy\" class=\"wp-image-98 size-full\" src=\"http:\/\/www.fenster-eu.at\/fenster-eu\/wp-content\/uploads\/2021\/05\/q.png\" alt=\"\" width=\"10\" height=\"10\" \/> \u00a0 Basissicherheit durch Pilzzapfen und Sicherheitsschlie\u00dfstu\u0308ck<\/p>\n<p data-wp-editing=\"1\"><img loading=\"lazy\" class=\"wp-image-98 size-full\" src=\"http:\/\/www.fenster-eu.at\/fenster-eu\/wp-content\/uploads\/2021\/05\/q.png\" alt=\"\" width=\"10\" height=\"10\" \/> \u00a0 Flu\u0308gelheber und Fehlbedienungssperre (ab einer Fensterh\u00f6he von ca. 80 cm)<\/p>\n<p data-wp-editing=\"1\"><img loading=\"lazy\" class=\"wp-image-98 size-full\" src=\"http:\/\/www.fenster-eu.at\/fenster-eu\/wp-content\/uploads\/2021\/05\/q.png\" alt=\"\" width=\"10\" height=\"10\" \/> \u00a0 serienm\u00e4\u00dfig Edelstahl-Randverbund in silber<\/p>\n<p data-wp-editing=\"1\"><img loading=\"lazy\" class=\"wp-image-98 size-full\" src=\"http:\/\/www.fenster-eu.at\/fenster-eu\/wp-content\/uploads\/2021\/05\/q.png\" alt=\"\" width=\"10\" height=\"10\" \/> \u00a0 au\u00dfen fl\u00e4chenbu\u0308ndiges Design<\/p>\n<p data-wp-editing=\"1\"><img loading=\"lazy\" class=\"wp-image-98 size-full\" src=\"http:\/\/www.fenster-eu.at\/fenster-eu\/wp-content\/uploads\/2021\/05\/q.png\" alt=\"\" width=\"10\" height=\"10\" \/> \u00a0 3-fach schichtverleimtes Holz mit 4-fach schichtverleimtem Holz im Flu\u0308gel<\/p>\n<p data-wp-editing=\"1\"><img loading=\"lazy\" class=\"wp-image-98 size-full\" src=\"http:\/\/www.fenster-eu.at\/fenster-eu\/wp-content\/uploads\/2021\/05\/q.png\" alt=\"\" width=\"10\" height=\"10\" \/> \u00a0 Bestwert: Uw = 0,78 W\/m2K<\/p>\n<p data-wp-editing=\"1\"><img loading=\"lazy\" class=\"wp-image-98 size-full\" src=\"http:\/\/www.fenster-eu.at\/fenster-eu\/wp-content\/uploads\/2021\/05\/q.png\" alt=\"\" width=\"10\" height=\"10\" \/> \u00a0 91 mm Bautiefe<\/p>\n<p data-wp-editing=\"1\"><img loading=\"lazy\" class=\"wp-image-98 size-full\" src=\"http:\/\/www.fenster-eu.at\/fenster-eu\/wp-content\/uploads\/2021\/05\/q.png\" alt=\"\" width=\"10\" height=\"10\" \/> \u00a0 3 umlaufende Dichtungen fu\u0308r absolute Dichtheit und ausgezeichneten Schallschutz<\/p>\n<p data-wp-editing=\"1\"><img loading=\"lazy\" class=\"wp-image-98 size-full\" src=\"http:\/\/www.fenster-eu.at\/fenster-eu\/wp-content\/uploads\/2021\/05\/q.png\" alt=\"\" width=\"10\" height=\"10\" \/> \u00a0 3-fach W\u00e4rmeschutzverglasung serienm\u00e4\u00dfig<\/p>\n<\/div>\n\t\t<\/div><\/div><\/div><div id=\"pg-437-3\"  class=\"panel-grid panel-no-style\" ><div id=\"pgc-437-3-0\"  class=\"panel-grid-cell\" ><div id=\"panel-437-3-0-0\" class=\"so-panel widget widget_media_image panel-first-child panel-last-child\" data-index=\"3\" ><a href=\"https:\/\/www.fenster-eu.at\/fenster-eu\/kontakt\/\"><img width=\"258\" height=\"46\" src=\"http:\/\/www.fenster-eu.at\/fenster-eu\/wp-content\/uploads\/2021\/05\/butt_zukontakt.jpg\" class=\"image wp-image-215  attachment-full size-full\" alt=\"\" loading=\"lazy\" style=\"max-width: 100%; height: auto;\" \/><\/a><\/div><\/div><\/div><\/div>","protected":false},"excerpt":{"rendered":"<p>XENOS \u2013 dieses Fenster bringt das behagliche Wohnklima und besondere Wohngefu\u0308hl von Holz\/Alu-Fenstern in Einklang mit moderner Architektur. Schlanke Profile sorgen fu\u0308r mehr Lichteinfall und somit hellere R\u00e4ume. Durch die fl\u00e4chenbu\u0308ndige und hochwetterfeste Aluschale fu\u0308gt sich das Fenster als harmonisches Gestaltungsmittel nahtlos in die Fassade Ihres Hauses ein und schu\u0308tzt das Holz optimal vor den [&hellip;]<\/p>\n","protected":false},"author":1,"featured_media":0,"parent":0,"menu_order":0,"comment_status":"closed","ping_status":"closed","template":"","meta":[],"_links":{"self":[{"href":"http:\/\/www.fenster-eu.at\/fenster-eu\/wp-json\/wp\/v2\/pages\/437"}],"collection":[{"href":"http:\/\/www.fenster-eu.at\/fenster-eu\/wp-json\/wp\/v2\/pages"}],"about":[{"href":"http:\/\/www.fenster-eu.at\/fenster-eu\/wp-json\/wp\/v2\/types\/page"}],"author":[{"embeddable":true,"href":"http:\/\/www.fenster-eu.at\/fenster-eu\/wp-json\/wp\/v2\/users\/1"}],"replies":[{"embeddable":true,"href":"http:\/\/www.fenster-eu.at\/fenster-eu\/wp-json\/wp\/v2\/comments?post=437"}],"version-history":[{"count":10,"href":"http:\/\/www.fenster-eu.at\/fenster-eu\/wp-json\/wp\/v2\/pages\/437\/revisions"}],"predecessor-version":[{"id":450,"href":"http:\/\/www.fenster-eu.at\/fenster-eu\/wp-json\/wp\/v2\/pages\/437\/revisions\/450"}],"wp:attachment":[{"href":"http:\/\/www.fenster-eu.at\/fenster-eu\/wp-json\/wp\/v2\/media?parent=437"}],"curies":[{"name":"wp","href":"https:\/\/api.w.org\/{rel}","templated":true}]}}