{"id":366,"date":"2021-06-02T12:02:09","date_gmt":"2021-06-02T10:02:09","guid":{"rendered":"http:\/\/www.fenster-eu.at\/fenster-eu\/?page_id=366"},"modified":"2021-06-02T21:46:32","modified_gmt":"2021-06-02T19:46:32","slug":"kassettenmarkisen","status":"publish","type":"page","link":"http:\/\/www.fenster-eu.at\/fenster-eu\/kassettenmarkisen\/","title":{"rendered":"Kassettenmarkisen"},"content":{"rendered":"<div id=\"pl-366\"  class=\"panel-layout\" ><div id=\"pg-366-0\"  class=\"panel-grid panel-no-style\" ><div id=\"pgc-366-0-0\"  class=\"panel-grid-cell\" ><div id=\"panel-366-0-0-0\" class=\"so-panel widget widget_sow-image panel-first-child panel-last-child\" data-index=\"0\" ><div\n\t\t\t\n\t\t\tclass=\"so-widget-sow-image so-widget-sow-image-default-334eeca80698-366\"\n\t\t\t\n\t\t>\n<h3 class=\"widget-title\"><\/h3>\n<div class=\"sow-image-container\">\n\t\t<img src=\"http:\/\/www.fenster-eu.at\/fenster-eu\/wp-content\/uploads\/2021\/06\/schweizer001-e1622628329504-1080x380.jpg\" width=\"1080\" height=\"380\" sizes=\"(max-width: 1080px) 100vw, 1080px\" alt=\"\" loading=\"lazy\" \t\tclass=\"so-widget-image\"\/>\n\t<\/div>\n\n<\/div><\/div><\/div><\/div><div id=\"pg-366-1\"  class=\"panel-grid panel-no-style\" ><div id=\"pgc-366-1-0\"  class=\"panel-grid-cell\" ><div id=\"panel-366-1-0-0\" class=\"so-panel widget widget_text panel-first-child panel-last-child\" data-index=\"1\" >\t\t\t<div class=\"textwidget\"><h3 class=\"widget-title\">Beschattungsanlage mit umschliessendem Kasten, der Stoffwalze und Knickarme vor Witterungseinfl\u00fcssen sch\u00fctzt. Besonders geeignet f\u00fcr Balkone an Ein- und Mehrfamilienh\u00e4usern. F\u00fcr Montage an Wand oder an Decke.<\/h3>\n<\/div>\n\t\t<\/div><\/div><\/div><div id=\"pg-366-2\"  class=\"panel-grid panel-no-style\" ><div id=\"pgc-366-2-0\"  class=\"panel-grid-cell\" ><div id=\"panel-366-2-0-0\" class=\"so-panel widget widget_text panel-first-child panel-last-child\" data-index=\"2\" >\t\t\t<div class=\"textwidget\"><p><strong>Bestehend aus:<\/strong><\/p>\n<p><strong><img loading=\"lazy\" class=\"wp-image-98 size-full\" src=\"http:\/\/www.fenster-eu.at\/fenster-eu\/wp-content\/uploads\/2021\/05\/q.png\" alt=\"\" width=\"10\" height=\"10\" \/> \u00a0 Knickarme<br \/>\n<\/strong><\/p>\n<p>2 Knickarme aus stranggepresstem Aluminiumrohr, Gelenke und Anschlussst\u00fccke aus Aluminiumguss, Gelenkbolzen aus korrosionsgesch\u00fctztem Stahl. Spannfedern innenliegend, mit korrosionsgesch\u00fctzten Stahlseilen. Knickarme unter dem Stoff ausstellend. \u2028Fallwinkel Wandmontage: 0\u201360 Grad\u2028. Fallwinkel Deckenmontage: 0\u201390 Grad<\/p>\n<p><strong><img loading=\"lazy\" class=\"wp-image-98 size-full\" src=\"http:\/\/www.fenster-eu.at\/fenster-eu\/wp-content\/uploads\/2021\/05\/q.png\" alt=\"\" width=\"10\" height=\"10\" \/> \u00a0 Lagerkonsolen<br \/>\n<\/strong><\/p>\n<p>Aus Aluminiumguss, als Kombilager f\u00fcr die Befestigung der Knickarme, der Walzenlager sowie des Kastens.<\/p>\n<p><strong><img loading=\"lazy\" class=\"wp-image-98 size-full\" src=\"http:\/\/www.fenster-eu.at\/fenster-eu\/wp-content\/uploads\/2021\/05\/q.png\" alt=\"\" width=\"10\" height=\"10\" \/> \u00a0 Stoffwalze<br \/>\n<\/strong><\/p>\n<p>Aus verzinktem Stahlblech mit Kedernut. Walzenzapfen aus UV-best\u00e4ndigem Kunststoff mit Stahlzapfen f\u00fcr Lager und Getriebe.<\/p>\n<p><strong><img loading=\"lazy\" class=\"wp-image-98 size-full\" src=\"http:\/\/www.fenster-eu.at\/fenster-eu\/wp-content\/uploads\/2021\/05\/q.png\" alt=\"\" width=\"10\" height=\"10\" \/> \u00a0 Kasten<br \/>\n<\/strong><\/p>\n<p>Aus stranggepressten Aluminium, zweiteilig in C-Form als Schutzkasten der Stoffwalze.\u2028 Abmessungen des Kastens (H\u00f6he x Tiefe):<br \/>\nKGM 5\u00a0\u00a0 \u00a0136 mm x 200 mm<br \/>\nKGM 6 \u00a0\u00a0 \u00a0151 mm x 225 mm<\/p>\n<p><strong><img loading=\"lazy\" class=\"wp-image-98 size-full\" src=\"http:\/\/www.fenster-eu.at\/fenster-eu\/wp-content\/uploads\/2021\/05\/q.png\" alt=\"\" width=\"10\" height=\"10\" \/> \u00a0 Stoffstab<br \/>\n<\/strong><\/p>\n<p>Aus stranggepresstem Aluminium in \u00e4sthetischer Geometrie und optimaler Passform zu Kastenprofil. Mit Kedernuten f\u00fcr die Befestigung des Stoffes. Endkappen aus UV-best\u00e4ndigen Kunststoff.<\/p>\n<p><strong><img loading=\"lazy\" class=\"wp-image-98 size-full\" src=\"http:\/\/www.fenster-eu.at\/fenster-eu\/wp-content\/uploads\/2021\/05\/q.png\" alt=\"\" width=\"10\" height=\"10\" \/> \u00a0 Oberfl\u00e4chenbehandlung<br \/>\n<\/strong><\/p>\n<p>S\u00e4mtliche Aluminiumteile pulverbeschichtet. Farbe aus Schenker Storen Farbpalette.<\/p>\n<p><strong><img loading=\"lazy\" class=\"wp-image-98 size-full\" src=\"http:\/\/www.fenster-eu.at\/fenster-eu\/wp-content\/uploads\/2021\/05\/q.png\" alt=\"\" width=\"10\" height=\"10\" \/> \u00a0 Montage<br \/>\n<\/strong><\/p>\n<p>Auf Beton mit Speziald\u00fcbeln.<\/p>\n<p><strong><img loading=\"lazy\" class=\"wp-image-98 size-full\" src=\"http:\/\/www.fenster-eu.at\/fenster-eu\/wp-content\/uploads\/2021\/05\/q.png\" alt=\"\" width=\"10\" height=\"10\" \/> \u00a0 Stoff<br \/>\n<\/strong><\/p>\n<p>Nach Wahl aus unserer Storen Stoffkollektion.<\/p>\n<p><strong><img loading=\"lazy\" class=\"wp-image-98 size-full\" src=\"http:\/\/www.fenster-eu.at\/fenster-eu\/wp-content\/uploads\/2021\/05\/q.png\" alt=\"\" width=\"10\" height=\"10\" \/> \u00a0 Antrieb<br \/>\n<\/strong><\/p>\n<p>Geschlossenes Kegelradgetriebe mit eingebauter Bremse mit Endbegrenzung. Getriebe immer aluminiumfarbig, nicht lackiert. Abnehmbare Stangenkurbel aus verzinktem Stahl.<\/p>\n<p><strong><img loading=\"lazy\" class=\"wp-image-98 size-full\" src=\"http:\/\/www.fenster-eu.at\/fenster-eu\/wp-content\/uploads\/2021\/05\/q.png\" alt=\"\" width=\"10\" height=\"10\" \/> \u00a0 Motor<\/strong><\/p>\n<p>Rohrmotor, 230 V \/ 50 Hz, mit eingebauten Endschaltern und Thermoschutz, inkl. 1 m Anschlusskabel. Storenmotoren d\u00fcrfen nicht parallel geschaltet werden.<\/p>\n<\/div>\n\t\t<\/div><\/div><\/div><div id=\"pg-366-3\"  class=\"panel-grid panel-no-style\" ><div id=\"pgc-366-3-0\"  class=\"panel-grid-cell\" ><div id=\"panel-366-3-0-0\" class=\"so-panel widget widget_media_image panel-first-child panel-last-child\" data-index=\"3\" ><a href=\"https:\/\/www.fenster-eu.at\/fenster-eu\/kontakt\/\"><img width=\"258\" height=\"46\" src=\"http:\/\/www.fenster-eu.at\/fenster-eu\/wp-content\/uploads\/2021\/05\/butt_zukontakt.jpg\" class=\"image wp-image-215  attachment-full size-full\" alt=\"\" loading=\"lazy\" style=\"max-width: 100%; height: auto;\" \/><\/a><\/div><\/div><\/div><\/div>","protected":false},"excerpt":{"rendered":"<p>Beschattungsanlage mit umschliessendem Kasten, der Stoffwalze und Knickarme vor Witterungseinfl\u00fcssen sch\u00fctzt. Besonders geeignet f\u00fcr Balkone an Ein- und Mehrfamilienh\u00e4usern. F\u00fcr Montage an Wand oder an Decke.<\/p>\n","protected":false},"author":1,"featured_media":0,"parent":0,"menu_order":0,"comment_status":"closed","ping_status":"closed","template":"","meta":[],"_links":{"self":[{"href":"http:\/\/www.fenster-eu.at\/fenster-eu\/wp-json\/wp\/v2\/pages\/366"}],"collection":[{"href":"http:\/\/www.fenster-eu.at\/fenster-eu\/wp-json\/wp\/v2\/pages"}],"about":[{"href":"http:\/\/www.fenster-eu.at\/fenster-eu\/wp-json\/wp\/v2\/types\/page"}],"author":[{"embeddable":true,"href":"http:\/\/www.fenster-eu.at\/fenster-eu\/wp-json\/wp\/v2\/users\/1"}],"replies":[{"embeddable":true,"href":"http:\/\/www.fenster-eu.at\/fenster-eu\/wp-json\/wp\/v2\/comments?post=366"}],"version-history":[{"count":10,"href":"http:\/\/www.fenster-eu.at\/fenster-eu\/wp-json\/wp\/v2\/pages\/366\/revisions"}],"predecessor-version":[{"id":388,"href":"http:\/\/www.fenster-eu.at\/fenster-eu\/wp-json\/wp\/v2\/pages\/366\/revisions\/388"}],"wp:attachment":[{"href":"http:\/\/www.fenster-eu.at\/fenster-eu\/wp-json\/wp\/v2\/media?parent=366"}],"curies":[{"name":"wp","href":"https:\/\/api.w.org\/{rel}","templated":true}]}}