{"id":273,"date":"2021-05-30T20:47:52","date_gmt":"2021-05-30T18:47:52","guid":{"rendered":"http:\/\/www.fenster-eu.at\/fenster-eu\/?page_id=273"},"modified":"2021-06-02T11:59:59","modified_gmt":"2021-06-02T09:59:59","slug":"balkonmarkisen","status":"publish","type":"page","link":"http:\/\/www.fenster-eu.at\/fenster-eu\/balkonmarkisen\/","title":{"rendered":"Balkonmarkisen"},"content":{"rendered":"<div id=\"pl-273\"  class=\"panel-layout\" ><div id=\"pg-273-0\"  class=\"panel-grid panel-no-style\" ><div id=\"pgc-273-0-0\"  class=\"panel-grid-cell\" ><div id=\"panel-273-0-0-0\" class=\"so-panel widget widget_sow-image panel-first-child panel-last-child\" data-index=\"0\" ><div\n\t\t\t\n\t\t\tclass=\"so-widget-sow-image so-widget-sow-image-default-334eeca80698-273\"\n\t\t\t\n\t\t>\n<h3 class=\"widget-title\"><\/h3>\n<div class=\"sow-image-container\">\n\t\t<img src=\"http:\/\/www.fenster-eu.at\/fenster-eu\/wp-content\/uploads\/2021\/06\/g3a9596-e1622627173525-1080x380.jpg\" width=\"1080\" height=\"380\" sizes=\"(max-width: 1080px) 100vw, 1080px\" alt=\"\" loading=\"lazy\" \t\tclass=\"so-widget-image\"\/>\n\t<\/div>\n\n<\/div><\/div><\/div><\/div><div id=\"pg-273-1\"  class=\"panel-grid panel-no-style\" ><div id=\"pgc-273-1-0\"  class=\"panel-grid-cell\" ><div id=\"panel-273-1-0-0\" class=\"so-panel widget widget_text panel-first-child panel-last-child\" data-index=\"1\" >\t\t\t<div class=\"textwidget\"><h3 class=\"widget-title\">Stabile Gelenkarmmarkise mit oder ohne Schutzdach, besonders geeignet f\u00fcr Balkone. <br \/>Montage an Decke oder an Wand m\u00f6glich.<\/h3>\n<\/div>\n\t\t<\/div><\/div><\/div><div id=\"pg-273-2\"  class=\"panel-grid panel-no-style\" ><div id=\"pgc-273-2-0\"  class=\"panel-grid-cell\" ><div id=\"panel-273-2-0-0\" class=\"so-panel widget widget_text panel-first-child panel-last-child\" data-index=\"2\" >\t\t\t<div class=\"textwidget\"><p><strong>Bestehend aus:<\/strong><\/p>\n<p><strong><img loading=\"lazy\" class=\"wp-image-98 size-full\" src=\"http:\/\/www.fenster-eu.at\/fenster-eu\/wp-content\/uploads\/2021\/05\/q.png\" alt=\"\" width=\"10\" height=\"10\" \/> \u00a0 Knickarme<br \/>\n<\/strong><\/p>\n<p>2 Knickarme aus stranggepresstem Aluminiumrohr, Gelenke und Anschlussst\u00fccke aus Aluminiumguss, Gelenkbolzen aus korrosionsgesch\u00fctztem Stahl. Spannfedern innenliegend, mit korrosionsgesch\u00fctzten Stahlseilen. Knickarme unter dem Stoff ausstellend. Fallwinkel 0\u201390 Grad.<\/p>\n<p><strong><img loading=\"lazy\" class=\"wp-image-98 size-full\" src=\"http:\/\/www.fenster-eu.at\/fenster-eu\/wp-content\/uploads\/2021\/05\/q.png\" alt=\"\" width=\"10\" height=\"10\" \/> \u00a0 Lagerkonsolen<br \/>\n<\/strong><\/p>\n<p>Aus Aluminiumguss, als Kombilager f\u00fcr die Befestigung der Knickarme und der Walzenlager ausgebildet.<\/p>\n<p><strong><img loading=\"lazy\" class=\"wp-image-98 size-full\" src=\"http:\/\/www.fenster-eu.at\/fenster-eu\/wp-content\/uploads\/2021\/05\/q.png\" alt=\"\" width=\"10\" height=\"10\" \/> \u00a0 Stoffwalze<br \/>\n<\/strong><\/p>\n<p>Aus verzinktem Stahlblech, mit Kedernut. Walzenzapfen aus UV-best\u00e4ndigem Kunststoff, mit Stahlzapfen f\u00fcr Lager und Getriebe.<\/p>\n<p><strong><img loading=\"lazy\" class=\"wp-image-98 size-full\" src=\"http:\/\/www.fenster-eu.at\/fenster-eu\/wp-content\/uploads\/2021\/05\/q.png\" alt=\"\" width=\"10\" height=\"10\" \/> \u00a0 Stoffstab<br \/>\n<\/strong><\/p>\n<p>Aus stranggepresstem Aluminium, mit Kedernut f\u00fcr die Befestigung des Stoffes. Endkappen aus UV-best\u00e4ndigem Kunststoff.<\/p>\n<p><strong><img loading=\"lazy\" class=\"wp-image-98 size-full\" src=\"http:\/\/www.fenster-eu.at\/fenster-eu\/wp-content\/uploads\/2021\/05\/q.png\" alt=\"\" width=\"10\" height=\"10\" \/> \u00a0 Oberfl\u00e4chenbehandlung<br \/>\n<\/strong><\/p>\n<p>S\u00e4mtliche Aluminiumteile pulverbeschichtet, Farbe aus Schenker Storen Farbpalette.<\/p>\n<p><strong><img loading=\"lazy\" class=\"wp-image-98 size-full\" src=\"http:\/\/www.fenster-eu.at\/fenster-eu\/wp-content\/uploads\/2021\/05\/q.png\" alt=\"\" width=\"10\" height=\"10\" \/> \u00a0 Montage<br \/>\n<\/strong><\/p>\n<p>Auf Beton mit Speziald\u00fcbeln.<\/p>\n<p><strong><img loading=\"lazy\" class=\"wp-image-98 size-full\" src=\"http:\/\/www.fenster-eu.at\/fenster-eu\/wp-content\/uploads\/2021\/05\/q.png\" alt=\"\" width=\"10\" height=\"10\" \/> \u00a0 Stoff<br \/>\n<\/strong><\/p>\n<p>Nach Wahl aus unserer Storen Stoffkollektion.<\/p>\n<p><strong><img loading=\"lazy\" class=\"wp-image-98 size-full\" src=\"http:\/\/www.fenster-eu.at\/fenster-eu\/wp-content\/uploads\/2021\/05\/q.png\" alt=\"\" width=\"10\" height=\"10\" \/> \u00a0 Antrieb<br \/>\n<\/strong><\/p>\n<p>Geschlossenes Kegelradgetriebe mit eingebauter Bremse, ohne Endbegrenzung. Getriebe immer aluminiumfarbig, nicht lackiert, abnehmbare Stangenkurbel aus verzinktem Stahl.<\/p>\n<p><strong><img loading=\"lazy\" class=\"wp-image-98 size-full\" src=\"http:\/\/www.fenster-eu.at\/fenster-eu\/wp-content\/uploads\/2021\/05\/q.png\" alt=\"\" width=\"10\" height=\"10\" \/> \u00a0 Motor<\/strong><\/p>\n<p>Rohrmotor, 230 V \/ 50 Hz, mit eingebauten Endschaltern und Thermoschutz, inkl. 1 m Anschlusskabel. Storenmotoren d\u00fcrfen nicht parallel geschaltet werden.<\/p>\n<\/div>\n\t\t<\/div><\/div><\/div><div id=\"pg-273-3\"  class=\"panel-grid panel-no-style\" ><div id=\"pgc-273-3-0\"  class=\"panel-grid-cell\" ><div id=\"panel-273-3-0-0\" class=\"so-panel widget widget_media_image panel-first-child panel-last-child\" data-index=\"3\" ><a href=\"https:\/\/www.fenster-eu.at\/fenster-eu\/kontakt\/\"><img width=\"258\" height=\"46\" src=\"http:\/\/www.fenster-eu.at\/fenster-eu\/wp-content\/uploads\/2021\/05\/butt_zukontakt.jpg\" class=\"image wp-image-215  attachment-full size-full\" alt=\"\" loading=\"lazy\" style=\"max-width: 100%; height: auto;\" \/><\/a><\/div><\/div><\/div><\/div>","protected":false},"excerpt":{"rendered":"<p>Stabile Gelenkarmmarkise mit oder ohne Schutzdach, besonders geeignet f\u00fcr Balkone. Montage an Decke oder an Wand m\u00f6glich.<\/p>\n","protected":false},"author":1,"featured_media":0,"parent":0,"menu_order":0,"comment_status":"closed","ping_status":"closed","template":"","meta":[],"_links":{"self":[{"href":"http:\/\/www.fenster-eu.at\/fenster-eu\/wp-json\/wp\/v2\/pages\/273"}],"collection":[{"href":"http:\/\/www.fenster-eu.at\/fenster-eu\/wp-json\/wp\/v2\/pages"}],"about":[{"href":"http:\/\/www.fenster-eu.at\/fenster-eu\/wp-json\/wp\/v2\/types\/page"}],"author":[{"embeddable":true,"href":"http:\/\/www.fenster-eu.at\/fenster-eu\/wp-json\/wp\/v2\/users\/1"}],"replies":[{"embeddable":true,"href":"http:\/\/www.fenster-eu.at\/fenster-eu\/wp-json\/wp\/v2\/comments?post=273"}],"version-history":[{"count":17,"href":"http:\/\/www.fenster-eu.at\/fenster-eu\/wp-json\/wp\/v2\/pages\/273\/revisions"}],"predecessor-version":[{"id":365,"href":"http:\/\/www.fenster-eu.at\/fenster-eu\/wp-json\/wp\/v2\/pages\/273\/revisions\/365"}],"wp:attachment":[{"href":"http:\/\/www.fenster-eu.at\/fenster-eu\/wp-json\/wp\/v2\/media?parent=273"}],"curies":[{"name":"wp","href":"https:\/\/api.w.org\/{rel}","templated":true}]}}