{"id":181,"date":"2021-05-18T13:40:22","date_gmt":"2021-05-18T11:40:22","guid":{"rendered":"http:\/\/www.fenster-eu.at\/fenster-eu\/?page_id=181"},"modified":"2021-05-19T17:29:27","modified_gmt":"2021-05-19T15:29:27","slug":"home-2","status":"publish","type":"page","link":"http:\/\/www.fenster-eu.at\/fenster-eu\/","title":{"rendered":"Home"},"content":{"rendered":"<div id=\"pl-181\"  class=\"panel-layout\" ><div id=\"pg-181-0\"  class=\"panel-grid panel-no-style\" ><div id=\"pgc-181-0-0\"  class=\"panel-grid-cell\" ><div id=\"panel-181-0-0-0\" class=\"so-panel widget widget_text panel-first-child panel-last-child\" data-index=\"0\" >\t\t\t<div class=\"textwidget\"><h3 class=\"widget-title\">Fenster, T\u00fcren, Jalousien und Markisen von FENSTER-EU<\/h3>\n<\/div>\n\t\t<\/div><\/div><\/div><div id=\"pg-181-1\"  class=\"panel-grid panel-no-style\" ><div id=\"pgc-181-1-0\"  class=\"panel-grid-cell\" ><div id=\"panel-181-1-0-0\" class=\"so-panel widget widget_media_image panel-first-child panel-last-child\" data-index=\"1\" ><a href=\"https:\/\/www.fenster-eu.at\/fenster-eu\/fenster-2\/\"><img width=\"323\" height=\"290\" src=\"http:\/\/www.fenster-eu.at\/fenster-eu\/wp-content\/uploads\/2021\/05\/layout_01.png\" class=\"image wp-image-194  attachment-full size-full\" alt=\"\" loading=\"lazy\" style=\"max-width: 100%; height: auto;\" srcset=\"http:\/\/www.fenster-eu.at\/fenster-eu\/wp-content\/uploads\/2021\/05\/layout_01.png 323w, http:\/\/www.fenster-eu.at\/fenster-eu\/wp-content\/uploads\/2021\/05\/layout_01-300x269.png 300w\" sizes=\"(max-width: 323px) 100vw, 323px\" \/><\/a><\/div><\/div><div id=\"pgc-181-1-1\"  class=\"panel-grid-cell\" ><div id=\"panel-181-1-1-0\" class=\"so-panel widget widget_media_image panel-first-child panel-last-child\" data-index=\"2\" ><a href=\"https:\/\/www.fenster-eu.at\/fenster-eu\/tueren\/\"><img width=\"323\" height=\"290\" src=\"http:\/\/www.fenster-eu.at\/fenster-eu\/wp-content\/uploads\/2021\/05\/layout_02.png\" class=\"image wp-image-195  attachment-full size-full\" alt=\"\" loading=\"lazy\" style=\"max-width: 100%; height: auto;\" srcset=\"http:\/\/www.fenster-eu.at\/fenster-eu\/wp-content\/uploads\/2021\/05\/layout_02.png 323w, http:\/\/www.fenster-eu.at\/fenster-eu\/wp-content\/uploads\/2021\/05\/layout_02-300x269.png 300w\" sizes=\"(max-width: 323px) 100vw, 323px\" \/><\/a><\/div><\/div><div id=\"pgc-181-1-2\"  class=\"panel-grid-cell\" ><div id=\"panel-181-1-2-0\" class=\"so-panel widget widget_media_image panel-first-child panel-last-child\" data-index=\"3\" ><a href=\"https:\/\/www.fenster-eu.at\/fenster-eu\/jalousien\/\"><img width=\"323\" height=\"290\" src=\"http:\/\/www.fenster-eu.at\/fenster-eu\/wp-content\/uploads\/2021\/05\/layout_03.png\" class=\"image wp-image-196  attachment-full size-full\" alt=\"\" loading=\"lazy\" style=\"max-width: 100%; height: auto;\" srcset=\"http:\/\/www.fenster-eu.at\/fenster-eu\/wp-content\/uploads\/2021\/05\/layout_03.png 323w, http:\/\/www.fenster-eu.at\/fenster-eu\/wp-content\/uploads\/2021\/05\/layout_03-300x269.png 300w\" sizes=\"(max-width: 323px) 100vw, 323px\" \/><\/a><\/div><\/div><\/div><div id=\"pg-181-2\"  class=\"panel-grid panel-no-style\" ><div id=\"pgc-181-2-0\"  class=\"panel-grid-cell\" ><div id=\"panel-181-2-0-0\" class=\"so-panel widget widget_text panel-first-child panel-last-child\" data-index=\"4\" ><div class=\"panel-widget-style panel-widget-style-for-181-2-0-0\" >\t\t\t<div class=\"textwidget\"><p><strong><img loading=\"lazy\" class=\"wp-image-98 size-full\" src=\"http:\/\/www.fenster-eu.at\/fenster-eu\/wp-content\/uploads\/2021\/05\/q.png\" alt=\"\" width=\"10\" height=\"10\" \/> \u00a0 Energieeffizient bauen<\/strong><\/p>\n<p>Energie sparen und Umwelt schonen: Mit neuen Fenstern aktiv den Energieverbrauch und den CO2 Aussto\u00df senken. Etwa 60% des CO2 Aussto\u00dfes weltweit werden von privaten Ein- und Mehrfamilienh\u00e4usern produziert. Dies kann durch modernisierte H\u00e4user deutlich reduziert werden. Der Energieverbrauch kann im Vergleich zu Alt-bauten um zwei Drittel reduziert und damit Heizkosten gespart werden.<\/p>\n<p>&nbsp;<\/p>\n<p><strong><img loading=\"lazy\" class=\"wp-image-98 size-full\" src=\"http:\/\/www.fenster-eu.at\/fenster-eu\/wp-content\/uploads\/2021\/05\/q.png\" alt=\"\" width=\"10\" height=\"10\" \/> \u00a0 L\u00e4rm <b>mindern<\/b><br \/>\n<\/strong><\/p>\n<p>Schallschutz ist wichtig, denn L\u00e4rm kann manchmal krank machen. Bei Fenstern h\u00e4ngt die Schalld\u00e4mmung von der Verglasung, der Dichtheit und der St\u00e4rke des Rahmenmaterials ab. Mit neuen Fenstern kann man den L\u00e4rm einfach drau\u00dfen lassen.<\/p>\n<p>&nbsp;<\/p>\n<p><strong><img loading=\"lazy\" class=\"wp-image-98 size-full\" src=\"http:\/\/www.fenster-eu.at\/fenster-eu\/wp-content\/uploads\/2021\/05\/q.png\" alt=\"\" width=\"10\" height=\"10\" \/> \u00a0 Das eigene Zuhause sicher sch\u00fctzen<br \/>\n<\/strong><\/p>\n<p>Nur wenige Sekunden ben\u00f6tigt ein Einbrecher um ein ungesichertes Standardfenster oder eine Terrassent\u00fcr zu \u00f6ffnen. Schlimmer als der materielle Schaden sind oft die psychischen Sch\u00e4den die die Betroffenen erleiden. Zus\u00e4tzliche robuste Schlie\u00dfteile und ein stabiler Rahmen sind eingebaute Barrieren. So ausgestattete Fenster verderben ungebetenen G\u00e4sten ihre Diebestour. Sicher sein mit neuen Fenstern: auf Wunsch statten wir bereits werkseitig Fenster mit erh\u00f6hter Einbruchhemmung bis Widerstandsklasse 2 aus.<\/p>\n<p>&nbsp;<\/p>\n<p><strong><img loading=\"lazy\" class=\"wp-image-98 size-full\" src=\"http:\/\/www.fenster-eu.at\/fenster-eu\/wp-content\/uploads\/2021\/05\/q.png\" alt=\"\" width=\"10\" height=\"10\" \/> \u00a0 Die beste Qualit\u00e4t<br \/>\n<\/strong><\/p>\n<p>Sch\u00f6nheit ist f\u00fcr jeden Menschen sehr individuell. Wir halten eine Vielfalt an Profilen, Farben, Formen und Ausstattungen bereit. So hat jeder die freie Wahl, was sein Fenster betrifft und man kann seine Ideen beim Hausbau oder der Renovierung verwirklichen. Zu all den optischen Kriterien steht bei unseren Produkten die Qualit\u00e4t und Wertigkeit im Vordergrund. Wir wollen nicht nur Sch\u00f6nheit sondern Werte f\u00fcr Generationen schaffen.<\/p>\n<p>&nbsp;<\/p>\n<p>&nbsp;<\/p>\n<\/div>\n\t\t<\/div><\/div><\/div><\/div><div id=\"pg-181-3\"  class=\"panel-grid panel-no-style\" ><div id=\"pgc-181-3-0\"  class=\"panel-grid-cell\" ><div id=\"panel-181-3-0-0\" class=\"so-panel widget widget_media_image panel-first-child panel-last-child\" data-index=\"5\" ><a href=\"https:\/\/www.fenster-eu.at\/fenster-eu\/kontakt\/\"><img width=\"258\" height=\"46\" src=\"http:\/\/www.fenster-eu.at\/fenster-eu\/wp-content\/uploads\/2021\/05\/butt_zukontakt.jpg\" class=\"image wp-image-215  attachment-full size-full\" alt=\"\" loading=\"lazy\" style=\"max-width: 100%; height: auto;\" \/><\/a><\/div><\/div><\/div><\/div>","protected":false},"excerpt":{"rendered":"<p>Fenster, T\u00fcren, Jalousien und Markisen von FENSTER-EU<\/p>\n","protected":false},"author":1,"featured_media":0,"parent":0,"menu_order":0,"comment_status":"closed","ping_status":"closed","template":"","meta":[],"_links":{"self":[{"href":"http:\/\/www.fenster-eu.at\/fenster-eu\/wp-json\/wp\/v2\/pages\/181"}],"collection":[{"href":"http:\/\/www.fenster-eu.at\/fenster-eu\/wp-json\/wp\/v2\/pages"}],"about":[{"href":"http:\/\/www.fenster-eu.at\/fenster-eu\/wp-json\/wp\/v2\/types\/page"}],"author":[{"embeddable":true,"href":"http:\/\/www.fenster-eu.at\/fenster-eu\/wp-json\/wp\/v2\/users\/1"}],"replies":[{"embeddable":true,"href":"http:\/\/www.fenster-eu.at\/fenster-eu\/wp-json\/wp\/v2\/comments?post=181"}],"version-history":[{"count":54,"href":"http:\/\/www.fenster-eu.at\/fenster-eu\/wp-json\/wp\/v2\/pages\/181\/revisions"}],"predecessor-version":[{"id":240,"href":"http:\/\/www.fenster-eu.at\/fenster-eu\/wp-json\/wp\/v2\/pages\/181\/revisions\/240"}],"wp:attachment":[{"href":"http:\/\/www.fenster-eu.at\/fenster-eu\/wp-json\/wp\/v2\/media?parent=181"}],"curies":[{"name":"wp","href":"https:\/\/api.w.org\/{rel}","templated":true}]}}

<div id="pl-181"  class="panel-layout" ><div id="pg-181-0"  class="panel-grid panel-no-style" ><div id="pgc-181-0-0"  class="panel-grid-cell" ><div id="panel-181-0-0-0" class="so-panel widget widget_text panel-first-child panel-last-child" data-index="0" >			<div class="textwidget"><h3 class="widget-title">Fenster, Türen, Jalousien und Markisen von FENSTER-EU</h3>
</div>
		</div></div></div><div id="pg-181-1"  class="panel-grid panel-no-style" ><div id="pgc-181-1-0"  class="panel-grid-cell" ><div id="panel-181-1-0-0" class="so-panel widget widget_media_image panel-first-child panel-last-child" data-index="1" ><a href="https://www.fenster-eu.at/fenster-eu/fenster-2/"><img width="323" height="290" src="http://www.fenster-eu.at/fenster-eu/wp-content/uploads/2021/05/layout_01.png" class="image wp-image-194  attachment-full size-full" alt="" loading="lazy" style="max-width: 100%; height: auto;" srcset="http://www.fenster-eu.at/fenster-eu/wp-content/uploads/2021/05/layout_01.png 323w, http://www.fenster-eu.at/fenster-eu/wp-content/uploads/2021/05/layout_01-300x269.png 300w" sizes="(max-width: 323px) 100vw, 323px" /></a></div></div><div id="pgc-181-1-1"  class="panel-grid-cell" ><div id="panel-181-1-1-0" class="so-panel widget widget_media_image panel-first-child panel-last-child" data-index="2" ><a href="https://www.fenster-eu.at/fenster-eu/tueren/"><img width="323" height="290" src="http://www.fenster-eu.at/fenster-eu/wp-content/uploads/2021/05/layout_02.png" class="image wp-image-195  attachment-full size-full" alt="" loading="lazy" style="max-width: 100%; height: auto;" srcset="http://www.fenster-eu.at/fenster-eu/wp-content/uploads/2021/05/layout_02.png 323w, http://www.fenster-eu.at/fenster-eu/wp-content/uploads/2021/05/layout_02-300x269.png 300w" sizes="(max-width: 323px) 100vw, 323px" /></a></div></div><div id="pgc-181-1-2"  class="panel-grid-cell" ><div id="panel-181-1-2-0" class="so-panel widget widget_media_image panel-first-child panel-last-child" data-index="3" ><a href="https://www.fenster-eu.at/fenster-eu/jalousien/"><img width="323" height="290" src="http://www.fenster-eu.at/fenster-eu/wp-content/uploads/2021/05/layout_03.png" class="image wp-image-196  attachment-full size-full" alt="" loading="lazy" style="max-width: 100%; height: auto;" srcset="http://www.fenster-eu.at/fenster-eu/wp-content/uploads/2021/05/layout_03.png 323w, http://www.fenster-eu.at/fenster-eu/wp-content/uploads/2021/05/layout_03-300x269.png 300w" sizes="(max-width: 323px) 100vw, 323px" /></a></div></div></div><div id="pg-181-2"  class="panel-grid panel-no-style" ><div id="pgc-181-2-0"  class="panel-grid-cell" ><div id="panel-181-2-0-0" class="so-panel widget widget_text panel-first-child panel-last-child" data-index="4" ><div class="panel-widget-style panel-widget-style-for-181-2-0-0" >			<div class="textwidget"><p><strong><img loading="lazy" class="wp-image-98 size-full" src="http://www.fenster-eu.at/fenster-eu/wp-content/uploads/2021/05/q.png" alt="" width="10" height="10" />   Energieeffizient bauen</strong></p>
<p>Energie sparen und Umwelt schonen: Mit neuen Fenstern aktiv den Energieverbrauch und den CO2 Ausstoß senken. Etwa 60% des CO2 Ausstoßes weltweit werden von privaten Ein- und Mehrfamilienhäusern produziert. Dies kann durch modernisierte Häuser deutlich reduziert werden. Der Energieverbrauch kann im Vergleich zu Alt-bauten um zwei Drittel reduziert und damit Heizkosten gespart werden.</p>
<p>&nbsp;</p>
<p><strong><img loading="lazy" class="wp-image-98 size-full" src="http://www.fenster-eu.at/fenster-eu/wp-content/uploads/2021/05/q.png" alt="" width="10" height="10" />   Lärm <b>mindern</b><br />
</strong></p>
<p>Schallschutz ist wichtig, denn Lärm kann manchmal krank machen. Bei Fenstern hängt die Schalldämmung von der Verglasung, der Dichtheit und der Stärke des Rahmenmaterials ab. Mit neuen Fenstern kann man den Lärm einfach draußen lassen.</p>
<p>&nbsp;</p>
<p><strong><img loading="lazy" class="wp-image-98 size-full" src="http://www.fenster-eu.at/fenster-eu/wp-content/uploads/2021/05/q.png" alt="" width="10" height="10" />   Das eigene Zuhause sicher schützen<br />
</strong></p>
<p>Nur wenige Sekunden benötigt ein Einbrecher um ein ungesichertes Standardfenster oder eine Terrassentür zu öffnen. Schlimmer als der materielle Schaden sind oft die psychischen Schäden die die Betroffenen erleiden. Zusätzliche robuste Schließteile und ein stabiler Rahmen sind eingebaute Barrieren. So ausgestattete Fenster verderben ungebetenen Gästen ihre Diebestour. Sicher sein mit neuen Fenstern: auf Wunsch statten wir bereits werkseitig Fenster mit erhöhter Einbruchhemmung bis Widerstandsklasse 2 aus.</p>
<p>&nbsp;</p>
<p><strong><img loading="lazy" class="wp-image-98 size-full" src="http://www.fenster-eu.at/fenster-eu/wp-content/uploads/2021/05/q.png" alt="" width="10" height="10" />   Die beste Qualität<br />
</strong></p>
<p>Schönheit ist für jeden Menschen sehr individuell. Wir halten eine Vielfalt an Profilen, Farben, Formen und Ausstattungen bereit. So hat jeder die freie Wahl, was sein Fenster betrifft und man kann seine Ideen beim Hausbau oder der Renovierung verwirklichen. Zu all den optischen Kriterien steht bei unseren Produkten die Qualität und Wertigkeit im Vordergrund. Wir wollen nicht nur Schönheit sondern Werte für Generationen schaffen.</p>
<p>&nbsp;</p>
<p>&nbsp;</p>
</div>
		</div></div></div></div><div id="pg-181-3"  class="panel-grid panel-no-style" ><div id="pgc-181-3-0"  class="panel-grid-cell" ><div id="panel-181-3-0-0" class="so-panel widget widget_media_image panel-first-child panel-last-child" data-index="5" ><a href="https://www.fenster-eu.at/fenster-eu/kontakt/"><img width="258" height="46" src="http://www.fenster-eu.at/fenster-eu/wp-content/uploads/2021/05/butt_zukontakt.jpg" class="image wp-image-215  attachment-full size-full" alt="" loading="lazy" style="max-width: 100%; height: auto;" /></a></div></div></div></div>

<p>Fenster, Türen, Jalousien und Markisen von FENSTER-EU</p>
